-2*h. What is z(v)?
-23
Let q(b) = b**2 + 11*b + 3. Let m be (20/5)/(-4) + -5. Determine q(m).
-27
Let z(l) = -l**3 + 3*l**2 - 3*l + 2. Let f be z(3). Let t(d) be the third derivative of -7/6*d**3 + 0 + 1/4*d**4 - 7*d**2 + 1/60*d**5 + 0*d. Determine t(f).
0
Let j(z) be the second derivative of 1/120*z**6 + 1/12*z**5 - 1/2*z**3 + 12*z - 7/24*z**4 + 0 - 4*z**2. Let r(x) be the first derivative of j(x). What is r(-6)?
3
Let y(q) = -q**2 - 4*q + 1. Let j(w) = 7*w + 160 - 174 + 2*w**3 - w**3 - 6*w**2. Let x be j(5). Give y(x).
1
Let f(q) = 3*q**2 + q + 1. Let n = 28 - 31. Let x(k) = -2*k**2 - 7*k - 4. Let i be x(n). Let d = 0 + i. Determine f(d).
3
Let d(y) = -y**3 - 5*y**2 - 4*y + 2. Suppose 0 = t - 2*q + 8, 0 = -2*t + 6*q - 10*q. Calculate d(t).
2
Let x(c) = 2*c**3 - 2*c**2 + 9*c - 12. Let g be x(2). Let s(v) = -6*v - 3 - 3*v + g*v - 2*v. Give s(2).
3
Let m(d) be the first derivative of d**4/4 + 2*d**3 + 6*d + 159. Determine m(-6).
6
Let t(c) = -c**2. Let g(n) be the third derivative of n**5/20 - n**4/4 + n**3/3 + n**2. Let x(p) = g(p) + 2*t(p). What is x(6)?
2
Let o(g) be the first derivative of -g**2/2 + 5*g + 207. Give o(18).
-13
Let z(l) = -l**3 + 12*l**2 - 9*l + 12. Let i = -167 + 178. Determine z(i).
34
Let f(g) = -g**3 + 5*g**2 + 6*g - 2. Let t(v) = 58*v + 471. Let m be t(-8). Calculate f(m).
-58
Let c(o) = -o**2 - 8*o - 8. Let w be (0/(-2))/(-3 - -5). Let l = 24 + w. Suppose -l = 7*r - 3*r. Determine c(r).
4
Let y(l) = -3*l**3 + 8*l**2 - 4*l - 3*l - 3*l**2 + l**3 - 8. Let n(r) = -r**3 + r**2 - 1. Let u(s) = 3*n(s) - y(s). What is u(-4)?
9
Let l(x) be the third derivative of -x**7/2520 - x**6/360 - x**4/8 - 10*x**2. Let n(j) be the second derivative of l(j). Let d be 2/5 - (-24)/(-10). Give n(d).
0
Let h(z) = z**2 - 9*z + 2. Let a(y) = 2*y**2 - 38*y - 32. Let s be a(20). Give h(s).
-6
Let b(j) = 2*j. Let r be b(2). Suppose -26 = -v - 5*z, v + z + r = 14. Let t(g) = g + 2. Give t(v).
8
Let g(r) = -3*r - 2. Let d be g(-2). Let c(v) = -6*v - 2 + 8 + 145*v**2 - 143*v**2. Give c(d).
14
Let a(m) = -5*m**2 + m - 1. Let i be a(1). Let b = -8 - i. Let w(o) = -o**2 + 2. Give w(b).
-7
Let z(w) = 4*w. Let o(y) = 6*y - 3. Let n(l) = -o(l) + 2*z(l). Calculate n(5).
13
Let z(o) = -12*o + 26 + 3*o + 2*o + 3*o + 5*o. What is z(-12)?
14
Let l be 4/(16/(-28)) + 10 + -5. Let w(d) = -2*d**3 + d**3 + 2*d**3 - 2 + 3*d**2. Calculate w(l).
2
Let z(k) be the third derivative of k**7/2520 + k**6/144 + k**5/30 - 11*k**4/24 - 14*k**2. Let t(c) be the second derivative of z(c). Determine t(-5).
4
Let b(w) be the second derivative of -w**3/3 - w**2 - 22*w + 2. What is b(2)?
-6
Suppose 2*c - 2*j + 57 = 7*c, 3*c - 59 = 5*j. Let o = -15 + c. Let n be (-10 - -4)*o/(-3). Let a(b) = b**3 + 3*b**2 - 3*b + 4. Calculate a(n).
0
Let z(c) = 7*c**2 + 5*c + 10*c + 6 - 28*c. Let v(g) = 6*g**2 - 12*g + 5. Let a(k) = 6*v(k) - 5*z(k). What is a(8)?
8
Suppose 4*w - n = 53, 0*n + 68 = 5*w - 3*n. Let r(o) = o - 9. Calculate r(w).
4
Let s(h) = -5*h + 14*h - 53*h**2 - 47*h**2 + 99*h**2 + 3. What is s(10)?
-7
Let f = -2 + 4. Let o(r) = r**3 + 6*r**2 - 5*r - 5 - r**2 - r**f. Let x(g) = -g**2 - 12*g - 25. Let v be x(-10). Calculate o(v).
-5
Let o(a) be the first derivative of -7 - 5/2*a**2 + 5*a + 1/4*a**4 - 4/3*a**3. Suppose -2*l = -16 + 6. Determine o(l).
5
Let s(b) = b. Let u(o) = -3*o + 4. Suppose -5 + 10 = -5*n. Let f(w) = n*u(w) - 2*s(w). Determine f(2).
-2
Let r(m) = 2*m**3 - 2*m**2 + m + 4. Let f = -865 + 868. Calculate r(f).
43
Let v(b) = b**3 - 2*b**2 - 3*b + 3. Suppose 0 = a + 19 - 10. Let m be (-4)/(-6) - 12/a. Determine v(m).
-3
Let n(z) = -2*z**2 - 14*z - 8. Let p be n(-6). Suppose -p*o + 0*o - 36 = 0. Let d(i) = i + 10. Give d(o).
1
Let a(r) = r**3 - 5*r**2 - r - 6. Suppose 5*y + 1 = 6. Let g(p) = -p. Let j(q) = q**3 - 8*q - 8. Let n be j(-1). Let k(u) = n*a(u) + y*g(u). Determine k(5).
6
Let l(w) be the third derivative of 0*w + 1/3*w**3 - 29*w**2 + 1/6*w**4 + 0. Suppose -k = -3, -m - 21 = 3*m - 3*k. What is l(m)?
-10
Let s(r) = -2 + 116*r**3 - 94*r**3 + 1 + r**2 + r. Suppose -5*m - 24 + 29 = 0. Calculate s(m).
23
Let m(y) be the second derivative of y**5/20 - 5*y**4/12 - 7*y**2/2 - 21*y. Let p = 17 + -12. Give m(p).
-7
Let h(k) = 14*k**3 - k**2 - 2*k - 1. Let z(p) = -3*p**3 - 1 - 2*p - p**2 + p**3 + 3*p**3. Let r = -36 - -35. Let c be z(r). Determine h(c).
-14
Let s(k) = -6*k + 21. Let n(r) = 3*r - 1. Let i(y) = n(y) + s(y). Give i(9).
-7
Suppose 2*w - 7*w + 15 = 0. Let q(x) = -3*x - 2. Let u be q(-2). Let j(p) = -u - p - 1 + 2 + 0*p. Give j(w).
-6
Let s(y) = y + 7. Let l be s(-6). Let m(b) = -2*b**2 - b + 6. Let w(g) = 6*g**2 + 4*g - 21. Let v(p) = 7*m(p) + 2*w(p). Give v(l).
-1
Let u(r) = -r - 28. Let y be u(-29). Let m(x) = -x**2 - x. Let g(c) = -c**3 + 4*c**2 + 4*c + 3. Let h(k) = y*g(k) + 5*m(k). Determine h(0).
3
Let o(d) = -58*d + 423. Let l be o(7). Let i(x) = -x**2 + 16*x + 11. What is i(l)?
-6
Suppose 0 = -2*d + k + 6, 0 = -3*d + 6*d + 4*k - 31. Let g(h) = 8*h + 1. Give g(d).
41
Let g(b) = -7*b - 8 + 11*b - 6*b + b. Calculate g(-12).
4
Let t(v) = 3*v - 36. Let w be t(14). Let s(z) = -3*z + z**2 - 6*z + 8 - 5*z + w*z. Give s(6).
-4
Let j(w) = -w**2 + w - 1. Suppose 24*d - 45 = 3. Calculate j(d).
-3
Suppose 0*n - 108 = -3*n. Suppose -2*k - 152 = 4*q, 2*k - n = 2*q + 28. Let f be 9*(-3)/(q/(-8)). Let c(u) = -u - 1. Give c(f).
5
Let d(l) = 63*l + 18 + l**2 - 19 - 61*l. Calculate d(-3).
2
Let i(z) = -z**3 - 2*z**2 + 2*z - 6. Suppose 11 = 44*p - 46*p + 5*q, -5*p = -5*q + 20. Determine i(p).
-3
Let o(b) = b**2 + 11*b - 17. Let m(a) = a**2 + 6*a - 9. Let r(s) = 5*m(s) - 3*o(s). Let z be r(0). Let j(p) = p**2 - 7*p + 5. What is j(z)?
-1
Let d(b) = 16*b + 40*b**2 + 3*b**3 - 29*b**2 + 4*b + 15 - 2*b**3. Calculate d(-9).
-3
Let c be 1/(8/(-156))*-2. Suppose 0 = -3*a - 0*r + r - c, 4*r = 5*a + 58. Let v = 11 + a. Let y(i) = i**3 + 3*i**2 + i + 4. Calculate y(v).
1
Let i(z) = -343*z - 3 - 367*z + 2 - 379*z + 1057*z. Calculate i(1).
-33
Suppose -t = -0*t + 4. Let m(r) = -r**3 - 4*r**2 - r - 1. Let q be m(t). Suppose -q*c + 6 = -6*c. Let a(j) = -j**2 + 3*j + 2. Give a(c).
-8
Let k = -6 + 16. Let z(v) = v + k - 18 + 6. Determine z(7).
5
Let h(s) = s**3 + s + 3. Let k be (-3)/(-2) + ((-2)/4 - -1). Let q be (-3 - (3 - 6))/k. Calculate h(q).
3
Let h(j) = 5*j**3 + 7*j**2 + 5*j + 2. Let p(q) = -3 - 5*q - q**3 + 0*q**2 + 4*q - q**2 + 2. Let z(d) = h(d) + 4*p(d). Suppose 8 = 4*w + 16. Calculate z(w).
0
Let k = -4 - -11. Let j(a) = -a + 8*a + k*a - 9*a**2 - 9 + a**3 - 4*a. Give j(8).
7
Suppose 17*x - 48 = 3. Let a(r) = 34 + r**x - 3*r - 2*r - 41 - 5*r**2. Let n(g) = 7*g - 1. Let y be n(1). Calculate a(y).
-1
Let r(z) = z**3 + z + 6. Let n be 0/10 - 22/(-4)*-4. Let c be 0*((-2)/(-5) - n/(-30)). Give r(c).
6
Let b(t) = t - 8. Let u(g) = 12 - 5*g + 14 + 2 + 5. Let d(j) = 9*b(j) + 2*u(j). Let v be 1/(-3) - 51/9. Determine d(v).
0
Let a(z) = z**3 - 4*z**2 + 2*z - 3. Suppose w - 5 = -10. Let r = 8 + w. What is a(r)?
-6
Suppose -325 = -6*i - 265. Let l(t) = -t + 18. Determine l(i).
8
Let q be (4/6)/((-14)/21). Let r = q - -5. Let c(n) be the third derivative of n**6/120 - n**5/15 + n**4/24 - 5*n**3/6 - 43*n**2. What is c(r)?
-1
Let g(u) = -3*u**2 + 6*u - 1. Let p(c) = -4*c**2 + 6*c - 2. Suppose -3*a = -k + 16, -6*a + 16 = -2*a. Let o = k + -23. Let m(z) = o*g(z) - 4*p(z). Give m(-5).
-2
Let s = 1306 + -1304. Let x(a) = 2*a**3 + a**2 - a - 1. Determine x(s).
17
Let i(k) be the third derivative of -k**6/360 - k**5/40 + 5*k**4/24 + 16*k**2. Let n(w) be the second derivative of i(w). Give n(-7).
11
Let z be (-3)/(0 + 3) + 17. Let v = 10 - z. Let l(f) = 3 - 3*f**2 + 4 + 4*f - 10 + 4*f**2. Give l(v).
9
Suppose -2*w = 2 + 2. Let r(c) = 2*c**2 - 2*c + 11. Let o(n) be the first derivative of -n**3/3 + n**2/2 - 5*n - 13. Let x(j) = 13*o(j) + 6*r(j). What is x(w)?
-5
Suppose 3*q + 5*r + 9 = -0*q, 2*q - r - 7 = 0. Let a(m) = -2*m**3 + 10 + 6 - 17 + q*m. Give a(1).
-1
Let m be (3/(-2))/(15/20). Let z(p) = 2*p - 2*p + 2*p - 3*p. Give z(m).
2
Let y be (-4)/(-8)*0 + 14. Let f be (-22)/(-4) + 7/y. Let g = 3 - f. Let r(m) = m**3 + 2*m**2 - 3*m + 3. Calculate r(g).
3
Let v = 10 - -2. Suppose 15*h = 12*h + v. Let c(p) = -p + 1. Determine c(h).
-3
Let q(d) = d**2 - 5*d. Let o(z) = 5*z**2 + 3*z - 1. Let j(c) = -c**2